actors of 4216088808.
2, 3, 17, 3444517
List the prime factors of 133451291.
1847, 72253
What are the prime factors of 635113130?
2, 5, 2179, 29147
List the prime factors of 685275114.
2, 3, 3187, 35837
What are the prime factors of 103671610?
2, 5, 7, 17, 87119
What are the prime factors of 41868023?
47, 890809
What are the prime factors of 25705226?
2, 1399, 9187
What are the prime factors of 1638214130?
2, 5, 7, 23403059
List the prime factors of 110721624.
2, 3, 13, 354877
List the prime factors of 97855158.
2, 3, 31, 37, 59, 241
List the prime factors of 71636677.
7, 1461973
List the prime factors of 232226419.
41, 59, 96001
What are the prime factors of 7342691478?
2, 3, 109, 11227357
List the prime factors of 302485975.
5, 11, 509, 2161
List the prime factors of 56348235.
3, 5, 31, 1303
List the prime factors of 437258673.
3, 48584297
List the prime factors of 32724816.
2, 3, 439, 1553
What are the prime factors of 95386254?
2, 3, 41, 387749
What are the prime factors of 416985752?
2, 61, 854479
List the prime factors of 53230598.
2, 419, 63521
What are the prime factors of 129163737?
3, 137, 314267
List the prime factors of 3369519463.
4013, 839651
What are the prime factors of 829847053?
7, 118549579
What are the prime factors of 17543854?
2, 479, 18313
What are the prime factors of 657301573?
11969, 54917
What are the prime factors of 213362401?
7, 41, 743423
What are the prime factors of 127493182?
2, 63746591
What are the prime factors of 578443643?
53, 10914031
List the prime factors of 182658515.
5, 13, 83, 33857
What are the prime factors of 349467900?
2, 3, 5, 457, 2549
List the prime factors of 255500073.
3, 73, 157, 2477
What are the prime factors of 27501927?
3, 103, 89003
What are the prime factors of 48007347?
3, 53, 301933
What are the prime factors of 151641434?
2, 7, 277, 39103
List the prime factors of 197208283.
53, 3720911
List the prime factors of 4449453638.
2, 7, 23, 43, 211, 1523
List the prime factors of 22717068.
2, 3, 11, 113, 1523
What are the prime factors of 55790425?
5, 2231617
List the prime factors of 801364518.
2, 3, 44520251
List the prime factors of 156506482.
2, 11, 646721
What are the prime factors of 234241229?
234241229
List the prime factors of 32729586.
2, 3, 5454931
What are the prime factors of 154049048?
2, 43, 447817
What are the prime factors of 2736446?
2, 37, 36979
List the prime factors of 4378018809.
3, 2341, 623383
List the prime factors of 155720480.
2, 5, 973253
List the prime factors of 363337176.
2, 3, 15139049
List the prime factors of 14607276.
2, 3, 19, 64067
List the prime factors of 35050040.
2, 5, 109, 8039
What are the prime factors of 90280271?
1289, 70039
List the prime factors of 80707567.
80707567
List the prime factors of 221194532.
2, 13, 97, 43853
What are the prime factors of 405889456?
2, 7, 3624013
What are the prime factors of 520820535?
3, 5, 79, 439511
What are the prime factors of 102678779?
7, 14668397
List the prime factors of 443569691.
47, 2903, 3251
What are the prime factors of 51606815?
5, 13, 17, 46703
What are the prime factors of 75519121?
75519121
List the prime factors of 2212822528.
2, 7, 509, 1213
List the prime factors of 45810444.
2, 3, 17, 19, 53, 223
What are the prime factors of 78326104?
2, 83, 179, 659
List the prime factors of 4990763468.
2, 23, 29, 1870601
What are the prime factors of 11342537?
11342537
List the prime factors of 656927771.
23, 59, 577, 839
List the prime factors of 2290460185.
5, 13, 887, 39727
What are the prime factors of 503352554?
2, 53, 103, 46103
What are the prime factors of 877741411?
1511, 580901
List the prime factors of 114537647.
7, 333929
What are the prime factors of 2292865875?
3, 5, 2038103
List the prime factors of 2534294689.
19, 9587, 13913
List the prime factors of 136303096.
2, 2213, 7699
What are the prime factors of 35572451?
35572451
List the prime factors of 3472172103.
3, 1157390701
What are the prime factors of 48936273?
3, 179, 91129
What are the prime factors of 341725348?
2, 653, 130829
What are the prime factors of 347356077?
3, 109, 1062251
What are the prime factors of 93189419?
2239, 41621
List the prime factors of 568040763.
3, 1013, 186917
List the prime factors of 40120856.
2, 19, 263953
List the prime factors of 631772530.
2, 5, 17, 3716309
List the prime factors of 2651588173.
13, 109, 467, 4007
What are the prime factors of 1034892872?
2, 13, 107, 113, 823
What are the prime factors of 117807472?
2, 23, 113, 2833
What are the prime factors of 33057172?
2, 8264293
What are the prime factors of 325238633?
11497, 28289
List the prime factors of 111380879.
43, 193, 13421
List the prime factors of 6115238.
2, 3057619
What are the prime factors of 220914124?
2, 37, 773, 1931
What are the prime factors of 34499337?
3, 89, 157, 823
List the prime factors of 124246566.
2, 3, 59, 116993
What are the prime factors of 1024458814?
2, 29, 17663083
What are the prime factors of 226356186?
2, 3, 7, 769919
What are the prime factors of 292261105?
5, 58452221
List the prime factors of 439088342.
2, 7, 11, 17, 367, 457
What are the prime factors of 380037008?
2, 13, 1827101
List the prime factors of 518200008.
2, 3, 89, 242603
What are the prime factors of 360465303?
3, 11, 31, 352361
List the prime factors of 276830223.
3, 92276741
What are the prime factors of 1131945801?
3, 7, 53902181
List the prime factors of 2165182074.
2, 3, 11, 10935263
What are the prime factors of 48186815?
5, 9637363
What are the prime factors of 479463512?
2, 11, 17, 41, 7817
What are the prime factors of 1909015947?
3, 212112883
List the prime factors of 124981148.
2, 2797, 11171
What are the prime factors of 585802040?
2, 5, 31, 472421
List the prime factors of 437356259.
437356259
What are the prime factors of 131498689?
7, 17, 67, 16493
List the prime factors of 160713833.
7, 43, 61, 8753
What are the prime factors of 151082308?
2, 13, 23, 126323
What are the prime factors of 371597543?
17, 61, 293, 1223
What are the prime factors of 224093831?
13, 277, 4787
List the prime factors of 115421304.
2, 3, 757, 6353
What are the prime factors of 783945?
3, 5, 5807
What are the prime factors of 155077996?
2, 31, 1250629
What are the prime factors of 106749272?
2, 7, 1906237
What are the prime factors of 1114931292?
2, 3, 3037, 30593
List the prime factors of 312501175.
5, 7, 71, 3593
List the prime factors of 18669056.
2, 7, 5209
What are the prime factors of 229479658?
2, 137, 389, 2153
List the prime factors of 6508663929.
3, 79, 179, 17047
List the prime factors of 512458329.
3, 19, 8990497
What are the prime factors of 30208076?
2, 131, 57649
List the prime factors of 325597325.
5, 13023893
List the prime factors of 1060276635.
3, 5, 11, 237997
What are the prime factors of 323474150?
2, 5, 31, 181, 1153
What are the prime factors of 10724281?
101, 106181
List the prime factors of 341738400.
2, 3, 5, 142391
List the prime factors of 634873165.
5, 126974633
What are the prime factors of 8017233638?
2, 4008616819
What are the prime factors of 14657342?
2, 7, 331, 3163
What are the prime factors of 196059031?
7, 53, 83, 6367
List the prime factors of 107041432.
2, 13380179
What are the prime factors of 43915562?
2, 21957781
List the prime factors of 863693086.
2, 107, 941, 4289
What are the prime factors of 103344737?
37, 2793101
List the prime factors of 171415764.
2, 3, 13, 40697
What are the prime factors of 45438975?
3, 5, 19, 1181
List the prime factors of 752006948.
2, 7, 11, 2441581
What are the prime factors of 9583666?
2, 37, 129509
What are the prime factors of 5288799?
3, 1762933
What are the prime factors of 25297935?
3, 5, 13, 129733
List the prime factors of 140347631.
17, 751, 10993
List the prime factors of 31286061.
3, 1158743
List the prime factors of 1930970144.
2, 60342817
List the prime factors of 2297233961.
11, 53, 3940367
List the prime factors of 426981993.
3, 29, 401, 12239
What are the prime factors of 1206572291?
1206572291
List the prime factors of 7468141.
967, 7723
What are the prime factors of 13135810?
2, 5, 359, 3659
List the prime factors of 63972697.
59, 257, 4219
List the prime factors of 88744995.
3, 5, 1972111
What are the prime factors of 129338532?
2, 3, 37, 10789
List the prime